NOAA-style Climate Reports

Select a Year or Month report
V/Λ2019 > Jan Feb Mar Apr May Jun Jul Aug Sep Oct Nov Dec
V/Λ2018 > Jan Feb Mar Apr May Jun Jul Aug Sep Oct Nov Dec
V/Λ2017 > Jan Feb Mar Apr May Jun Jul Aug Sep Oct Nov Dec
V/Λ2016 > Jan Feb Mar Apr May Jun Jul Aug Sep Oct Nov Dec

Report for 2019 Nov
                   Monthly Climatological Summary for Nov 2019

Name: Kottingbrunn Weather   City: Kottingbrunn   State: Lower Austria
Elevation: 251 m  Lat: N 47 56 20   Lon: E 016 13 32

                  Temperature (°C), Rain (mm), Wind Speed (m/s)

                                      Heat  Cool        Avg
    Mean                              Deg   Deg         Wind                 Dom
Day Temp  High   Time   Low    Time   Days  Days  Rain  Speed High   Time    Dir
----------------------------------------------------------------------------------
01   5.3   9.6   10:41  -1.1   06:13  13.0   0.0   0.0   1.6  13.2   20:58   WNW
02   7.0  10.7   14:26   3.9   06:23  11.3   0.0   0.0   0.2   4.6   00:59    NW
03  13.2  18.0   15:14   4.1   05:38   5.1   0.0   0.0   1.6  13.0   15:04   WNW
04  11.5  16.3   00:00   5.1   23:04   6.8   0.0   2.2   1.2  14.4   03:14   ESE
05   7.3  10.5   13:09   4.1   02:58  11.0   0.0  11.8   0.7   6.8   12:15   ESE
06   9.3  14.8   10:13   5.2   07:09   9.0   0.0   4.2   0.7   7.2   11:36    SE
07   7.4  12.8   10:02   1.8   23:59  10.9   0.0   1.1   0.5   6.6   11:55   WNW
08   7.6  12.0   12:43   1.3   00:58  10.7   0.0   0.0   1.0  12.0   09:53   WNW
09   6.9   8.9   00:24   3.0   23:59  11.4   0.0   2.8   0.6   5.6   18:33   ESE
10   4.2   8.5   13:20   0.2   23:52  14.1   0.0   0.0   0.7   9.2   12:13   ESE
11   4.8  10.6   13:10  -1.4   04:45  13.5   0.0   0.0   1.0  13.2   16:46   WNW
12   5.5   7.0   00:00   4.0   18:42  12.8   0.0   9.2   0.7   8.8   00:21   ESE
13   3.8   4.8   10:06   3.1   12:36  14.5   0.0   7.0   1.3  13.6   17:49   ESE
----------------------------------------------------------------------------------
     7.2  18.0     3    -1.4    11   144.1   0.0  38.3   0.9  14.4     4     WNW

Max >=  27.0  0
Max <=   0.0  0
Min <=   0.0  2
Min <= -18.0  0
Max Rain: 11.8 on day 5
Days of Rain: 7 (>= 0.2 mm)  6 (>= 2.0 mm)  0 (>= 20.0 mm)
Heat Base: 18.3  Cool Base: 18.3  Method: Integration